 What are the prime factors of g(-20)?
2, 11
Let y be (-57 - 1)/(3/((-60)/8)). Suppose -y*z - 342 = -148*z. What are the prime factors of z?
2, 3, 19
Let n be (3 - 0) + (-638)/22. Let f = -1 - n. List the prime factors of f.
5
Let h = -795 + 1362. List the prime factors of h.
3, 7
Suppose 0*p + 928 = 2*k + 5*p, 5*p = 4*k - 1886. List the prime factors of k.
7, 67
Suppose 9*u - 56 = 5*u. Let r be -11 - 1/(-2)*-2. Let h = u - r. List the prime factors of h.
2, 13
Let o = -4 - -7. Suppose 166 = 4*c - 2*s, -o*s + 9 = -0. List the prime factors of c.
43
Let f(k) be the second derivative of k**5/20 - 2*k**4/3 + 2*k**3/3 - 17*k**2/2 - 21*k. List the prime factors of f(8).
3, 5
Suppose 2*d = -5*d - 7. Let l = d - -4. Suppose l*t = -5*i + 307, -i - 182 = -4*i - 4*t. What are the prime factors of i?
2, 31
Let y = 20 + -17. Suppose -y*r - 3*u = -39, 0 = r + 2*r - 2*u - 64. What are the prime factors of r?
2, 3
Let q = 8677 + 811. What are the prime factors of 4/10 + q/80?
7, 17
Suppose d - 5*s + 8 = 25, 4*s + 52 = -4*d. Let r be (380/d)/5*-2. Suppose 0 = 5*n + 4*t - r, 5*t + 4 + 2 = -2*n. List the prime factors of n.
7
Let c(l) = 207*l**2 + 85*l + 169. List the prime factors of c(-2).
827
Suppose 0 = 3*b + 3*b - 162. List the prime factors of b.
3
Suppose 0 = -5*h - 5, -2*c - 3*h - 1555 + 52 = 0. What are the prime factors of 12/(-66) - c/11?
2, 17
Suppose 0 = -4*u + 4*z + 1080, 6*z - 2*z - 540 = -2*u. List the prime factors of u.
2, 3, 5
Suppose -153*q + 162*q = 11610. What are the prime factors of q?
2, 3, 5, 43
Let t = 109 + 832. What are the prime factors of t?
941
Let t(y) = y**2 + 5*y. Let s be t(-5). Let j(m) = 7*m**2 + 1. Let g be j(2). Let o = s + g. List the prime factors of o.
29
Let y(p) = 0 + 2 - 8*p + p**3 + 4 + 2 + 6*p**2. Let f be y(-7). List the prime factors of (-6)/(-15) - (-699)/f.
47
Let l = -25 - -32. Let q(a) = a**3 - 3*a - 6*a**2 + 3*a**2 - 3*a**2 + 2. List the prime factors of q(l).
2, 3, 5
Let q(p) = -p + 5. Let r be q(-7). Suppose 4*s - r = s. Suppose -2*j = -84 - s. List the prime factors of j.
2, 11
Let m = -1 + -1. Let r(s) = 209*s - 34. Let q be r(-4). List the prime factors of (-1)/m*q/(-15).
29
Suppose 0 = 5*h + 5*u - 890, 4*h + 3*u = 140 + 574. List the prime factors of h.
2, 3, 5
Let f = -2439 + 3272. What are the prime factors of f?
7, 17
Suppose -4*r = 39 + 9. Let a be (-3)/r - (-715)/20. List the prime factors of 44/3 + 12/a.
3, 5
Let y(r) = 13*r**2 + 2. Let g(s) = s**2 + 3*s - 2. Let i be g(-3). Let t be y(i). Let u = t + -13. List the prime factors of u.
41
Let a = -53 + 13. Let i = 47 - a. Suppose r = -2*r + i. What are the prime factors of r?
29
Let x(r) = -4*r - 18. Let v be x(10). Let s = -28 - v. Let d = -6 + s. What are the prime factors of d?
2, 3
Let z(n) = 2*n**2 + 13*n + 10. Let q be z(-6). Let b(x) = x**2 + 24*x. List the prime factors of b(q).
2, 7
Let r(j) = j**3 + 3*j**2 - 6*j - 5. Let o be r(-4). Suppose -2*a + o = -15. Let k(b) = -b**3 + 10*b**2 - 6*b + 4. List the prime factors of k(a).
31
List the prime factors of ((-13)/3 + 5)/((-4)/(-306)).
3, 17
Suppose 2*r - 8 = -0*r. Let k be r/14 + (-172)/14. List the prime factors of k/6 - (1 + -13).
2, 5
Let u(l) = 2*l**2 + 8*l + 10. Let m be u(-2). Suppose 4*w - m*h - 2*h - 460 = 0, 0 = -2*w + 3*h + 230. What are the prime factors of w?
5, 23
Suppose -7*k + l - 20 = -2*k, 3*k - 2*l = -12. Let w be (-2)/(3*k/1026). Suppose -2*v - 39 = -3*v - i, -4*v + w = i. List the prime factors of v.
2, 11
Let z(h) = 92*h**2 + 15*h + 16. List the prime factors of z(-2).
2, 3, 59
Let w = 6230 - 3568. What are the prime factors of w/11 + 1*(-2 - -5)?
5, 7
Suppose 3*u - 1435 = -5*g - 2*u, 0 = u - 3. List the prime factors of g.
2, 71
Suppose 0 = 2*n, z = 3*z + 5*n - 12. Suppose 0 = z*j + 149 - 677. List the prime factors of j.
2, 11
Let r(k) = -5*k - 1. Suppose 3*x = -n - 3, x + 1 = -0*x + n. Let m be r(x). Suppose 3*j - 3*g - 78 = 0, -3*j + m*j + 2*g - 23 = 0. List the prime factors of j.
5
Suppose -5*h = -0*z - z + 493, 0 = 4*h - 16. What are the prime factors of z?
3, 19
Let q = 97 + -211. Let x = q - -202. What are the prime factors of x?
2, 11
Suppose -2*a + 439 + 565 = -3*t, -4*t + 1968 = 4*a. Suppose -5*j + 74 + a = -5*b, 0 = 4*j + 3*b - 456. List the prime factors of j.
2, 3, 19
List the prime factors of (-3079)/(-13) + -2 - (-80)/520.
5, 47
Let a be ((-9)/6 + 1)/(5/(-1730)). Let x = a - 98. List the prime factors of x.
3, 5
Suppose 2*b = -2*b. Suppose -3*u - 2*j + 6*j + 434 = b, -3*u = 4*j - 466. List the prime factors of u.
2, 3, 5
Let c = 78 - 53. List the prime factors of c/(-2)*4*3/(-15).
2, 5
Suppose 4*h + 1869 = 9*h + 4*j, -h - 2*j + 375 = 0. List the prime factors of h.
373
Let y(s) = s**3 + 13*s**2 - 14*s + 10. List the prime factors of y(-9).
2, 5, 23
Let x(n) = -2*n**3 - 10*n**2 + 12*n + 10. Let t be x(-8). Let q = t + -130. List the prime factors of q.
2, 3, 7
Suppose -3*v + c + 5 = 0, 2 + 2 = v + 2*c. What are the prime factors of ((-40)/(-15))/(v/12)?
2
Let r be 1782/14 - (-14)/(-49). Suppose -3*c - 2*c = -10, r = p - 4*c. What are the prime factors of p?
3, 5
Let r(x) = 88*x + 10*x + 9*x - 17 + 19. What are the prime factors of r(1)?
109
Let q = 90 - 63. Suppose -d + q = 5*y + 4, 5*y + 2*d = 21. Suppose -3*r - f = -69 + 13, 5*r + y*f = 90. What are the prime factors of r?
19
Let q(t) = -5*t + 233. What are the prime factors of q(-48)?
11, 43
Suppose -4894 = -4*f - 2374. What are the prime factors of f?
2, 3, 5, 7
Let l = 3128 - 1477. List the prime factors of l.
13, 127
Let a = 1087 + -240. Suppose 5*m - a = 198. List the prime factors of m.
11, 19
Suppose 4*d - 41 + 160 = -5*h, -4*h - 2*d - 94 = 0. Let o = 48 - h. Suppose -x + 3*m - 27 = -o, 5*x - 5*m - 190 = 0. What are the prime factors of x?
5, 7
Let y(a) = 5*a**2 - 12*a - 51. List the prime factors of y(10).
7, 47
Let f(d) = 3*d**3 + 17*d**2 - 15*d + 63. Let y(z) = 4*z**3 + 26*z**2 - 22*z + 94. Let j(b) = 7*f(b) - 5*y(b). What are the prime factors of j(12)?
5, 7
List the prime factors of (-8051)/(-6) - 20/24.
3, 149
Suppose -6 = -2*q, 4*t = 3*t - 2*q + 9. Suppose t*n - 8*n = -105. Suppose 3*p - n = -2*v, 0*v + 5*p + 22 = 3*v. List the prime factors of v.
3
Let t = 69 + -32. Let z = -28 + t. List the prime factors of z/(-12) + (-294)/(-8).
2, 3
What are the prime factors of 67658/14 + 5/((-35)/(-2))?
3, 179
Let s(p) = 2*p**3 - 13*p**2 + 19*p - 44. List the prime factors of s(13).
2, 3, 5
Suppose 3*x - 2*j + 330 = -0*x, 0 = 5*x + 2*j + 566. Let y = 221 + x. What are the prime factors of y?
109
Let w(c) = 14*c + 20 - 17*c + 17*c - 48. List the prime factors of w(5).
2, 3, 7
Suppose -9910 = -16*x - 1942. List the prime factors of x.
2, 3, 83
Let l = 15 - 13. Suppose -l*d + 3*d - 52 = 0. What are the prime factors of d?
2, 13
Let n(s) = -50*s - 130. What are the prime factors of n(-18)?
2, 5, 7, 11
Suppose 11 = 3*m - 4*h - 24, -4*h = -4*m + 44. Suppose 11*y - m*y = 466. List the prime factors of y.
233
Let o be -2*11*(-4)/8. Suppose o - 35 = -4*p. Suppose -7*m + 62 = -p*m. What are the prime factors of m?
2, 31
Let s = 1086 + -499. List the prime factors of s.
587
Let b = 4 - -20. Let j = b - -56. What are the prime factors of j?
2, 5
Let i(z) = z**2 + 16*z + 3. Let o(u) be the third derivative of u**4/24 - u**3/6 - 2*u**2. Let f(w) = -i(w) + 3*o(w). What are the prime factors of f(-6)?
2, 3
Suppose s - y - 3 = 0, 5*s - 3*s + 3*y = 21. Let m(a) = 8*a**2 - 7*a + 1. What are the prime factors of m(s)?
13, 19
Suppose -1 = -4*x - 2*l - 9, -x = 3*l + 7. What are the prime factors of x/6 - (-1266)/36?
5, 7
Let o be (0*(0 - 2/4))/2. Suppose o*i - 5*j = -4*i + 480, i - j = 119. What are the prime factors of i?
5, 23
Let i be 85/30 + -1 + 1/6. Suppose q + 5*s - 32 = i*s, -s + 38 = q. What are the prime factors of q?
41
Suppose 2*v = -m - v + 3, 4*m + 3*v = 3. Suppose -2*n + 3*t + 216 = m, t + 96 = 5*n - 431. What are the prime factors of n?
3, 5, 7
Suppose 0 = -4*p + 11*p. Suppose p = -2*t + 40 + 32. List the prime factors of t.
2, 3
Let v(t) = -t**2 + 4*t - 3. Let u be v(3). Let a(d) = -d**3 + 2*d**2 + 2*d + 237. List the prime factors of a(u).
3, 79
Suppose 0 = 18*k - 26633 - 17071. List the prime factors of k.
2, 607
Let t be 3 + (-422)/(-10) + (-2)/10. Suppose -8*x - t = -9*x. List the prime factors